 6, what is -10511 - 11?
-10522
In base 8, what is -4 - -126?
122
In base 2, what is 1101011 - -100?
1101111
In base 7, what is -12 + -100?
-112
In base 7, what is -403 - 2?
-405
In base 15, what is -4 + -713?
-717
In base 6, what is 2254 + -2?
2252
In base 12, what is -1 - a4?
-a5
In base 16, what is -7eeb + -1?
-7eec
In base 12, what is -80 + -4?
-84
In base 16, what is 3 - -31b?
31e
In base 9, what is -6 + 43?
36
In base 2, what is 10111001 - -10?
10111011
In base 12, what is -1 - 15?
-16
In base 14, what is 4 - -11?
15
In base 11, what is 11 + 32?
43
In base 6, what is -5024 - -3?
-5021
In base 7, what is 21 + -1210?
-1156
In base 11, what is 0 + 213?
213
In base 15, what is 2 + -5a6?
-5a4
In base 3, what is -22001200 - -12?
-22001111
In base 8, what is -724 + 26?
-676
In base 8, what is -532 - -5?
-525
In base 4, what is -101030 - 10?
-101100
In base 4, what is -1 + -1023132?
-1023133
In base 16, what is -2 - -81?
7f
In base 15, what is 2 - -5?
7
In base 3, what is -121120000 + -11?
-121120011
In base 13, what is -94 + 0?
-94
In base 2, what is 100110010 + -11?
100101111
In base 15, what is -1 - 1ca?
-1cb
In base 7, what is 1104 + 4?
1111
In base 8, what is -6640 - -10?
-6630
In base 5, what is 432 + -110?
322
In base 4, what is -2 + -3202?
-3210
In base 16, what is -12 - ef?
-101
In base 9, what is 167 + 30?
207
In base 2, what is 1001000 - -11100?
1100100
In base 13, what is -11 - -5?
-9
In base 7, what is -510 - 0?
-510
In base 11, what is -5 + -1649?
-1653
In base 12, what is -6 + 15?
b
In base 14, what is -4 - -1d?
19
In base 4, what is -21 - -201?
120
In base 4, what is -2310 + 200?
-2110
In base 9, what is 2034 + -3?
2031
In base 8, what is -36 - 3?
-41
In base 8, what is 544 + 5?
551
In base 16, what is 1 - f?
-e
In base 5, what is 11 + 42?
103
In base 9, what is -1 + 1151?
1150
In base 7, what is 3 - 112?
-106
In base 16, what is -1c7 - -2?
-1c5
In base 3, what is -12 + -2?
-21
In base 9, what is -226 - -2?
-224
In base 14, what is 15 + 21?
36
In base 12, what is -351 + 1?
-350
In base 14, what is -104 + 0?
-104
In base 3, what is 121202 + -20?
121112
In base 3, what is -122011 - 12?
-122100
In base 8, what is 33 - 3?
30
In base 6, what is 2222 - 51?
2131
In base 12, what is 0 + -562?
-562
In base 14, what is -5 + -d1?
-d6
In base 12, what is -89 + 3?
-86
In base 11, what is 15096 + 1?
15097
In base 5, what is 2 + -322?
-320
In base 16, what is 1 - -d84?
d85
In base 11, what is -1734 - -2?
-1732
In base 11, what is -2 - 302?
-304
In base 4, what is 31310 + 11?
31321
In base 3, what is 20 + -120?
-100
In base 8, what is -12 + 101?
67
In base 12, what is -22 + -18?
-3a
In base 2, what is -1000011 + -10001001?
-11001100
In base 2, what is 10010 - -101000?
111010
In base 16, what is 0 - 19a?
-19a
In base 4, what is -11 + -2123?
-2200
In base 5, what is -2 - -31?
24
In base 11, what is -188 - -1?
-187
In base 13, what is -119 + 1?
-118
In base 4, what is -1122 - 110?
-1232
In base 10, what is -1 - -23?
22
In base 12, what is 1 + -3408?
-3407
In base 11, what is 3 - 350?
-348
In base 14, what is -8 - -4c0?
4b6
In base 9, what is -5 + -310?
-315
In base 10, what is -21 + -12?
-33
In base 5, what is -2023 + 2?
-2021
In base 15, what is b6c4 + 5?
b6c9
In base 3, what is -11 + -10021?
-10102
In base 10, what is 4 + -5?
-1
In base 9, what is 5 + -12?
-6
In base 8, what is 75 - -13?
110
In base 14, what is 1 + 45?
46
In base 4, what is -1000222 - 3?
-1000231
In base 3, what is -1 + -122010?
-122011
In base 3, what is 10010201 + 11?
10010212
In base 2, what is 1001 - -100001101001?
100001110010
In base 11, what is -4 + 873?
86a
In base 15, what is -691 - -3?
-68d
In base 4, what is 10 - 111320?
-111310
In base 2, what is 100 - -1001001000?
1001001100
In base 10, what is -4 - -15?
11
In base 9, what is -11363 + 5?
-11357
In base 6, what is 20502 + -1?
20501
In base 5, what is 233 - -324?
1112
In base 6, what is -4 + -3042?
-3050
In base 2, what is -10001110001001 + -10?
-10001110001011
In base 9, what is 4 - 6?
-2
In base 11, what is -5 + -1787?
-1791
In base 4, what is 1 + 1002?
1003
In base 3, what is -1012202 - 10?
-1012212
In base 7, what is -5606 + 6?
-5600
In base 13, what is 27 - -1b?
45
In base 10, what is -1 - 3953?
-3954
In base 4, what is -11 - -232?
221
In base 10, what is 8 + 3?
11
In base 7, what is 2 + 2?
4
In base 6, what is -213 + -130?
-343
In base 3, what is -121 + 0?
-121
In base 6, what is -10 - 243?
-253
In base 14, what is 5 - 57?
-52
In base 3, what is -2 - -111022?
111020
In base 7, what is 0 + 1250?
1250
In base 15, what is -2 + -35d?
-360
In base 13, what is -57c - 10?
-58c
In base 3, what is -1 - 10221221?
-10221222
In base 14, what is 1a0 + -4?
19a
In base 4, what is -13 - -1223?
1210
In base 8, what is 51 - 0?
51
In base 7, what is -5 + 122?
114
In base 4, what is 3 + -33031?
-33022
In base 10, what is -1 + -167?
-168
In base 12, what is -1a5 - -7?
-19a
In base 10, what is 2 - 62?
-60
In base 10, what is -4 - 12?
-16
In base 13, what is 26 - -a8?
101
In base 6, what is -4020 + 0?
-4020
In base 13, what is 2 + -814?
-812
In base 10, what is 425 + 5?
430
In base 9, what is -14 - 165?
-180
In base 2, what is -1010000 - 101?
-1010101
In base 4, what is -22 - -2211?
2123
In base 5, what is -1 + -44?
-100
In base 2, what is 11110001101 - 1?
11110001100
In base 3, what is 1020112201 - -12?
1020112220
In base 13, what is -5 - -10?
8
In base 9, what is 2385 + 2?
2387
In base 10, what is -10 - 82?
-92
In base 2, what is 1000000 - -1011?
1001011
In base 13, what is -21 + 150?
12c
In base 10, what is 15 - 7?
8
In base 16, what is -5 - -4d?
48
In base 14, what is -903a - 3?
-903d
In base 8, what is 10 - 130?
-120
In base 11, what is -4 + 16?
12
In base 16, what is -c + -7?
-13
In base 5, what is -310 + 0?
-310
In base 7, what is 501 + -2?
466
In base 8, what is -115 - 15?
-132
In base 15, what is 10 + -2?
d
In base 14, what is -2 + -b?
-d
In base 11, what is 3 - 3?
0
In base 13, what is -6 + -34?
-3a
In base 13, what is 2 + -5a1?
-59c
In base 12, what is 39 + -43?
-6
In base 8, what is 6460 + -4?
6454
In base 15, what is 3 - -4e?
52
In base 15, what is -7 - -43?
3b
In base 3, what is -2 + -102?
-111
In base 6, what is 55 + -3?
52
In base 14, what is 6 - b?
-5
In base 9, what is -4 - -54?
50
In base 16, what is 2 + 7c7?
7c9
In base 13, what is -5 - -67?
62
In base 13, what is 5 - -52?
57
In base 10, what is 6063 - -5?
6068
In base 11, what is 43 + 4?
47
In base 10, what is 2 + 108?
110
In base 7, what is -2516 - 25?
-2544
In base 9, what is 3 + 133?
136
In base 3, what is -12220 + 10?
-12210
In base 15, what is 269d + -5?
2698
In base 8, what is -2 - -10136?
10134
In base 4, what is 303 - 2?
301
In base 4, what is 102010 + -2?
102002
In base 8, what is -15615 + -4?
-15621
In base 3, what is 21 - 102202?
-102111
In base 2, what is 0 - -111101011?
111101011
In base 16, what is 1771 - 1?
1770
In base 4, what is -11 + -1312?
-1323
In base 4, what is -12 - -13?
1
In base 12, what is -2 + -168?
-16a
In base 9, what is 3 - -71?
74
In base 16, what is 2c + 1?
2d
In base 2, what is 100100110 + 101?
100101011
In base 8, what is -13 + -114?
-127
In base 5, what is 42 - -10?
102
In base 5, what is 30411 - -4?
30420
In base 4, what is -2121 - 22?
-2203
In base 13, what is 3511 + -4?
350a
In base 11, what is 4 + 35?
39
In base 8, what is 1 - -51?
52
In base 11, what is 44 + -7?
38
In base 2, what is -110001011101 + 11?
-110001011010
In base 4, what is 131303 + 3?
131312
In base 16, what is 18f + b?
19a
In base 12, what is 5b + 3?
62
In base 14, what is -8 + 23?
19
In base 8, what is 3266 - 13?
3253
In base 4, what is -3 + 21101?
21032
In base 16, what is 6 + -96?
-90
In base 4, what is -11 + -1332?
-2003
In base 4, what is 1011201 - 3?
1011132
In base 12, what is 2 + -38?
-36
In base 6, what is -3 - 111?
-114
In base 5, what is -2434 - -1?
-2433
In base 14, what is 487 - -1?
488
In base 9, what is -3 - 502?
-505
In base 3, what is -10122 - 1?
-10200
In base 5, what is -2 - 4031?
-4033
In base 15, what is b + 5?
11
In base 15, what is -2 + -39?
-3b
In base 5, what is 12 + -21?
-4
In base 15, what is 5 + 54?
59
In base 5, what is -133 + -4?
-142
In base 16, what is -12 - -17?
5
In base 4, what is 220 - -10?
230
In base 12, what is 5 + 0?
